{"id":110,"date":"2010-08-08T21:43:01","date_gmt":"2010-08-08T19:43:01","guid":{"rendered":"http:\/\/www.yellowstorm.de\/content\/?page_id=110"},"modified":"2024-11-08T21:36:58","modified_gmt":"2024-11-08T19:36:58","slug":"bericht-von-den-egon-2006","status":"publish","type":"page","link":"https:\/\/www.yellowstorm.de\/content\/?page_id=110","title":{"rendered":"Bericht von den Egons 2006"},"content":{"rendered":"<p>Das Highlight im Jahr stand an und das zu einer Zeit wo man auf gutes Wetter hoffen konnte. Wie auch in Zolder hatten wir weiterhin das Problem, dass wir nicht genug Regenreifen zur Verf\u00fcgung hatten , denn eigentlich sollte der Commodore schon auf 16\u201d R\u00e4dern stehen. Leider haben wir das zeitlich nicht hingebracht.<br \/>\nBei sch\u00f6nstem Wetter begann am Mittwoch der Reigen rund um das 24 h Rennen mit dem Einf\u00fchrungskorso und den Adenauer Racing Day\u2019s.<br \/>\nAm Donnerstag, dem Trainingstag, qu\u00e4lte sich das Wetter in bester Eifelmanie von na\u00df-kalt-nebelig langsam zu hell-angenehm und hoffentlich \u00fcberall trocken.<br \/>\nMit schwer angefahren Regenreifen war da nichts zu machen, also Slicks drauf und schauen was geht. Es ging die gesamte Nordschleife war trocken.<br \/>\nSo begann das erste Training vielversprechend, bis in der dritten Runde im Bereich Schwalbenschwanz sich die linke Motorhaubenhalterung verabschiedete und einen unplanm\u00e4\u00dfigen Stop im Galgenkopf zur Folge hatte. Wild schimpfend ging es in die n\u00e4chste Runde mit dem Ergebnis, dass die Halterung diesmal am Ende des schnellen Schwedenkreuzes aufgab. Das war das Ende vom 1. Training.<br \/>\nNach erfolgter Reparatur sollte es im 2. Training nun vorw\u00e4rts gehen.<br \/>\nIn den ersten beiden Runde galt es nun eine L\u00fccke im Feld zu finden und so flog der Commodore in seine dritte Runde,\u00a0um am Bergwerk festzustellen, dass er ein Problem mit dem Kesselchen und dem Klostertal hat. Er bockte und hoppelte hinauf zum Karussel. Nach Durchfahrt dieses Abschnittes lief dann alles wieder problemlos. Seltsam? &#8211; Auf zur n\u00e4chsten Runde &#8211; gleiches Ph\u00e4nomen : Bergwerk &#8211; Stottern &#8211; Karussell &#8211; normal !?<br \/>\nIn der Box wurde nun ger\u00e4tselt : Was ist los? Ganz einfach, ein loses Massekabel der Hauptf\u00f6rderpumpe war der \u00dcbelt\u00e4ter.<br \/>\nAlso in die Testrunde &#8211; alles war gut. Nun musste eine Zeit her.<br \/>\nMit \u00dcbermut ging es nun \u00fcber das Schwedenkreuz! Der Bremspunkt zur Arembergkurve wurde um nicht vertretbare 20 m nach hinten verlagert; das wiederum f\u00fchrte in einen kapitalen Dreher. Nachdem in der danach folgenden Runde auch noch das Benzin knapp wurde war es schon erstaunlich, dass wir mit einer 11`14 ins Rennen gingen.<\/p>\n<p>Nachdem wir es mit Ach und Krach ins vordere Drittel der 230 Starter gebracht hatten, verlief der Start gut. Es ging stetig vorw\u00e4rts. In der vierten Runde ereignete sich wieder im Bereich Bergwerk Grausames. Beim Versuch hochzuschalten brach der Schaltkn\u00fcppel ab!<br \/>\nNachdem in der Box ein Provisorium gebastelt wurde, es hatte \u00c4hnlichkeit mit einem Zeremonienstab, war ein exaktes Schalten nicht mehr m\u00f6glich.<br \/>\nAber wie es im Rennsport eben ist, man versucht das Unm\u00f6gliche und so stiess ich am Ende der Fuchsr\u00f6hre in Drehzahlregionen vor die dem Sechszylinder nicht gut tuen. Mit gnadenlosem Leistungsverlust bedankte er sich &#8211; das Ende eines Kuriosit\u00e4tenwochenendes.<br \/>\nJetzt wird wieder fleissig geschraubt und in Spa wird wieder alles gut<\/p>\n<p><img decoding=\"async\" src=\"http:\/\/www.yellowstorm.de\/rennsport\/Egons001.jpg\" alt=\"\" \/> <img decoding=\"async\" src=\"http:\/\/www.yellowstorm.de\/rennsport\/Egons002.jpg\" alt=\"\" \/><br \/>\n1. Zeittraining<br \/>\n<img decoding=\"async\" src=\"http:\/\/www.yellowstorm.de\/rennsport\/Egons003.jpg\" alt=\"\" \/> <img decoding=\"async\" src=\"http:\/\/www.yellowstorm.de\/rennsport\/Egons004.jpg\" alt=\"\" \/><br \/>\n2. Zeitraining<br \/>\n<img decoding=\"async\" src=\"http:\/\/www.yellowstorm.de\/rennsport\/Egons005.jpg\" alt=\"\" \/> <img decoding=\"async\" src=\"http:\/\/www.yellowstorm.de\/rennsport\/assets\/images\/Egons006.jpg\" alt=\"\" \/><br \/>\n<img decoding=\"async\" src=\"http:\/\/www.yellowstorm.de\/rennsport\/Egons008.jpg\" alt=\"\" \/> <img decoding=\"async\" src=\"http:\/\/www.yellowstorm.de\/rennsport\/Egons007.jpg\" alt=\"\" \/><br \/>\n<img decoding=\"async\" src=\"http:\/\/www.yellowstorm.de\/rennsport\/Egons009.jpg\" alt=\"\" \/> <img decoding=\"async\" src=\"http:\/\/www.yellowstorm.de\/rennsport\/Egons010.jpg\" alt=\"\" \/><br \/>\nRennen<\/p>\n<p><a href=\"?page_id=111\">Videos zum Rennen<\/a><\/p>\n","protected":false},"excerpt":{"rendered":"<p>Das Highlight im Jahr stand an und das zu einer Zeit wo man auf gutes Wetter hoffen konnte. Wie auch in Zolder hatten wir weiterhin das Problem, dass wir nicht genug Regenreifen zur Verf\u00fcgung hatten , denn eigentlich sollte der Commodore schon auf 16\u201d R\u00e4dern stehen. Leider haben wir das zeitlich nicht hingebracht. Bei sch\u00f6nstem &hellip; <a href=\"https:\/\/www.yellowstorm.de\/content\/?page_id=110\" class=\"more-link\"><span class=\"screen-reader-text\">\u201eBericht von den Egons 2006\u201c <\/span>weiterlesen<\/a><\/p>\n","protected":false},"author":1,"featured_media":0,"parent":99,"menu_order":8,"comment_status":"closed","ping_status":"open","template":"","meta":{"footnotes":""},"class_list":["post-110","page","type-page","status-publish","hentry"],"_links":{"self":[{"href":"https:\/\/www.yellowstorm.de\/content\/index.php?rest_route=\/wp\/v2\/pages\/110","targetHints":{"allow":["GET"]}}],"collection":[{"href":"https:\/\/www.yellowstorm.de\/content\/index.php?rest_route=\/wp\/v2\/pages"}],"about":[{"href":"https:\/\/www.yellowstorm.de\/content\/index.php?rest_route=\/wp\/v2\/types\/page"}],"author":[{"embeddable":true,"href":"https:\/\/www.yellowstorm.de\/content\/index.php?rest_route=\/wp\/v2\/users\/1"}],"replies":[{"embeddable":true,"href":"https:\/\/www.yellowstorm.de\/content\/index.php?rest_route=%2Fwp%2Fv2%2Fcomments&post=110"}],"version-history":[{"count":0,"href":"https:\/\/www.yellowstorm.de\/content\/index.php?rest_route=\/wp\/v2\/pages\/110\/revisions"}],"up":[{"embeddable":true,"href":"https:\/\/www.yellowstorm.de\/content\/index.php?rest_route=\/wp\/v2\/pages\/99"}],"wp:attachment":[{"href":"https:\/\/www.yellowstorm.de\/content\/index.php?rest_route=%2Fwp%2Fv2%2Fmedia&parent=110"}],"curies":[{"name":"wp","href":"https:\/\/api.w.org\/{rel}","templated":true}]}}