{"id":116,"date":"2010-08-08T22:28:19","date_gmt":"2010-08-08T20:28:19","guid":{"rendered":"http:\/\/www.yellowstorm.de\/content\/?page_id=116"},"modified":"2024-12-15T23:51:35","modified_gmt":"2024-12-15T21:51:35","slug":"rennen-von-oschersleben-am-23-24-juli-2005","status":"publish","type":"page","link":"https:\/\/www.yellowstorm.de\/content\/?page_id=116","title":{"rendered":"Rennen von Oschersleben am 23.+24. Juli 2005"},"content":{"rendered":"<p>Kurzbericht<\/p>\n<p>Gefahren wurde hier 2 Sprintrennen a 30 Minuten.<br \/>\nDurch ein verpatztes Training ging es nur aus dem Bereich des hinteren Mittelfeldes ins Rennen. Mit der richtigen Reifenwahl und dem Messer zwischen den Z\u00e4hnen ging es ab der ersten Runde unaufhaltsam nach vorne. \u00dcber das gesamte Rennen wurden wir von einem ebenso unerschrockenen Hundeknochen-Escort verfolgt. St\u00e4ndig hart aber fair attackiert konnten wir uns vor ihm halten und so den 10. Gesamtrang herausfahren. In der Klasse wurde es der Platz 2, der Ex-DTM Alfa war nicht zu halten.<br \/>\nDas 2. Rennen wurde mit der gleichen Trainingsaufstellung begonnen. Es hie\u00df also wieder Commodore fahren am Limit. Diesmal blieb der Escort allerdings auf der Strecke und der 10. Gesamtplatz war somit nicht mehr in Gefahr.<\/p>\n<p><img decoding=\"async\" src=\"http:\/\/www.yellowstorm.de\/rennsport\/2005-07-22_14-32-46.JPG\" \/> <img decoding=\"async\" src=\"http:\/\/www.yellowstorm.de\/rennsport\/2005-07-23_08-48-10.JPG\" \/><br \/>\n<img decoding=\"async\" src=\"http:\/\/www.yellowstorm.de\/rennsport\/2005-07-23_20-09-28.JPG\" \/> <img decoding=\"async\" src=\"http:\/\/www.yellowstorm.de\/rennsport\/2005-07-23_20-09-44.JPG\" \/><br \/>\nNachbarschaftshilfe trotz Konkurrenzkampfes auf der Strecke<br \/>\n<img decoding=\"async\" src=\"http:\/\/www.yellowstorm.de\/rennsport\/2005-07-24_09-46-08.JPG\" \/> <img decoding=\"async\" src=\"http:\/\/www.yellowstorm.de\/rennsport\/2005-07-24_09-51-44.JPG\" \/><br \/>\n<img decoding=\"async\" src=\"http:\/\/www.yellowstorm.de\/rennsport\/2005-07-24_09-21-50.JPG\" \/> <img decoding=\"async\" src=\"http:\/\/www.yellowstorm.de\/rennsport\/2005-07-24_09-19-08.JPG\" \/><\/p>\n<p>&nbsp;<\/p>\n","protected":false},"excerpt":{"rendered":"<p>Kurzbericht Gefahren wurde hier 2 Sprintrennen a 30 Minuten. Durch ein verpatztes Training ging es nur aus dem Bereich des hinteren Mittelfeldes ins Rennen. Mit der richtigen Reifenwahl und dem Messer zwischen den Z\u00e4hnen ging es ab der ersten Runde unaufhaltsam nach vorne. \u00dcber das gesamte Rennen wurden wir von einem ebenso unerschrockenen Hundeknochen-Escort verfolgt. &hellip; <a href=\"https:\/\/www.yellowstorm.de\/content\/?page_id=116\" class=\"more-link\"><span class=\"screen-reader-text\">\u201eRennen von Oschersleben am 23.+24. Juli 2005\u201c <\/span>weiterlesen<\/a><\/p>\n","protected":false},"author":1,"featured_media":0,"parent":99,"menu_order":11,"comment_status":"closed","ping_status":"closed","template":"","meta":{"footnotes":""},"class_list":["post-116","page","type-page","status-publish","hentry"],"_links":{"self":[{"href":"https:\/\/www.yellowstorm.de\/content\/index.php?rest_route=\/wp\/v2\/pages\/116","targetHints":{"allow":["GET"]}}],"collection":[{"href":"https:\/\/www.yellowstorm.de\/content\/index.php?rest_route=\/wp\/v2\/pages"}],"about":[{"href":"https:\/\/www.yellowstorm.de\/content\/index.php?rest_route=\/wp\/v2\/types\/page"}],"author":[{"embeddable":true,"href":"https:\/\/www.yellowstorm.de\/content\/index.php?rest_route=\/wp\/v2\/users\/1"}],"replies":[{"embeddable":true,"href":"https:\/\/www.yellowstorm.de\/content\/index.php?rest_route=%2Fwp%2Fv2%2Fcomments&post=116"}],"version-history":[{"count":0,"href":"https:\/\/www.yellowstorm.de\/content\/index.php?rest_route=\/wp\/v2\/pages\/116\/revisions"}],"up":[{"embeddable":true,"href":"https:\/\/www.yellowstorm.de\/content\/index.php?rest_route=\/wp\/v2\/pages\/99"}],"wp:attachment":[{"href":"https:\/\/www.yellowstorm.de\/content\/index.php?rest_route=%2Fwp%2Fv2%2Fmedia&parent=116"}],"curies":[{"name":"wp","href":"https:\/\/api.w.org\/{rel}","templated":true}]}}